[INFO] cloning repository https://github.com/skade/drossel-server
[INFO] running `Command { std: "git" "-c" "credential.helper=" "-c" "credential.helper=/workspace/cargo-home/bin/git-credential-null" "clone" "--bare" "https://github.com/skade/drossel-server" "/workspace/cache/git-repos/https%3A%2F%2Fgithub.com%2Fskade%2Fdrossel-server", kill_on_drop: false }`
[INFO] [stderr] Cloning into bare repository '/workspace/cache/git-repos/https%3A%2F%2Fgithub.com%2Fskade%2Fdrossel-server'...
[INFO] running `Command { std: "git" "rev-parse" "HEAD", kill_on_drop: false }`
[INFO] [stdout] 15b3fdde8705ce787990a61b4df6292f109329f7
[INFO] checking skade/drossel-server against master#af3c6e733a40e671550e0f0f5aeecaa13772ba56 for pr-74989
[INFO] running `Command { std: "git" "clone" "/workspace/cache/git-repos/https%3A%2F%2Fgithub.com%2Fskade%2Fdrossel-server" "/workspace/builds/worker-4/source", kill_on_drop: false }`
[INFO] [stderr] Cloning into '/workspace/builds/worker-4/source'...
[INFO] [stderr] done.
[INFO] validating manifest of git repo https://github.com/skade/drossel-server on toolchain af3c6e733a40e671550e0f0f5aeecaa13772ba56
[INFO] running `Command { std: "/workspace/cargo-home/bin/cargo" "+af3c6e733a40e671550e0f0f5aeecaa13772ba56" "read-manifest" "--manifest-path" "Cargo.toml", kill_on_drop: false }`
[INFO] started tweaking git repo https://github.com/skade/drossel-server
[INFO] finished tweaking git repo https://github.com/skade/drossel-server
[INFO] tweaked toml for git repo https://github.com/skade/drossel-server written to /workspace/builds/worker-4/source/Cargo.toml
[INFO] crate git repo https://github.com/skade/drossel-server already has a lockfile, it will not be regenerated
[INFO] running `Command { std: "/workspace/cargo-home/bin/cargo" "+af3c6e733a40e671550e0f0f5aeecaa13772ba56" "fetch" "--locked" "--manifest-path" "Cargo.toml", kill_on_drop: false }`
[INFO] [stderr]     Blocking waiting for file lock on package cache
[INFO] [stderr] error: the lock file /workspace/builds/worker-4/source/Cargo.lock needs to be updated but --locked was passed to prevent this
[INFO] [stderr] If you want to try to generate the lock file without accessing the network, use the --offline flag.
[INFO] the lockfile is outdated, regenerating it
[INFO] running `Command { std: "/workspace/cargo-home/bin/cargo" "+af3c6e733a40e671550e0f0f5aeecaa13772ba56" "generate-lockfile" "--manifest-path" "Cargo.toml" "-Zno-index-update", kill_on_drop: false }`
[INFO] [stderr]     Updating git repository `https://github.com/skade/drossel.git`
[INFO] running `Command { std: "/workspace/cargo-home/bin/cargo" "+af3c6e733a40e671550e0f0f5aeecaa13772ba56" "fetch" "--locked" "--manifest-path" "Cargo.toml", kill_on_drop: false }`
[INFO] [stderr]     Blocking waiting for file lock on package cache
[INFO] [stderr]  Downloading crates ...
[INFO] [stderr]   Downloaded db-key v0.0.5
[INFO] [stderr]   Downloaded db-key v0.1.0
[INFO] [stderr]   Downloaded drossel-journal v0.1.2
[INFO] [stderr]   Downloaded leveldb v0.6.1
[INFO] [stderr]   Downloaded leveldb v0.2.0
[INFO] [stderr]   Downloaded strand v0.1.2
[INFO] [stderr]   Downloaded db-key v0.0.1
[INFO] running `Command { std: "docker" "create" "-v" "/var/lib/crater-agent-workspace/builds/worker-4/target:/opt/rustwide/target:rw,Z" "-v" "/var/lib/crater-agent-workspace/builds/worker-4/source:/opt/rustwide/workdir:ro,Z" "-v" "/var/lib/crater-agent-workspace/cargo-home:/opt/rustwide/cargo-home:ro,Z" "-v" "/var/lib/crater-agent-workspace/rustup-home:/opt/rustwide/rustup-home:ro,Z" "-e" "SOURCE_DIR=/opt/rustwide/workdir" "-e" "CARGO_TARGET_DIR=/opt/rustwide/target" "-e" "CARGO_HOME=/opt/rustwide/cargo-home" "-e" "RUSTUP_HOME=/opt/rustwide/rustup-home" "-w" "/opt/rustwide/workdir" "-m" "1610612736" "--user" "0:0" "--network" "none" "rustops/crates-build-env@sha256:d92eaeed33fa75130ca1ee6c8a01d1ffb62bac859dfdfb3450e3e5d1c0146529" "/opt/rustwide/cargo-home/bin/cargo" "+af3c6e733a40e671550e0f0f5aeecaa13772ba56" "metadata" "--no-deps" "--format-version=1", kill_on_drop: false }`
[INFO] [stderr] WARNING: Your kernel does not support swap limit capabilities or the cgroup is not mounted. Memory limited without swap.
[INFO] [stdout] 837c9d3150f73fa5a93d402ae340bb249791c4bff66f391d8379b509ea71e1fb
[INFO] running `Command { std: "docker" "start" "-a" "837c9d3150f73fa5a93d402ae340bb249791c4bff66f391d8379b509ea71e1fb", kill_on_drop: false }`
[INFO] running `Command { std: "docker" "inspect" "837c9d3150f73fa5a93d402ae340bb249791c4bff66f391d8379b509ea71e1fb", kill_on_drop: false }`
[INFO] running `Command { std: "docker" "rm" "-f" "837c9d3150f73fa5a93d402ae340bb249791c4bff66f391d8379b509ea71e1fb", kill_on_drop: false }`
[INFO] [stdout] 837c9d3150f73fa5a93d402ae340bb249791c4bff66f391d8379b509ea71e1fb
[INFO] running `Command { std: "docker" "create" "-v" "/var/lib/crater-agent-workspace/builds/worker-4/target:/opt/rustwide/target:rw,Z" "-v" "/var/lib/crater-agent-workspace/builds/worker-4/source:/opt/rustwide/workdir:ro,Z" "-v" "/var/lib/crater-agent-workspace/cargo-home:/opt/rustwide/cargo-home:ro,Z" "-v" "/var/lib/crater-agent-workspace/rustup-home:/opt/rustwide/rustup-home:ro,Z" "-e" "SOURCE_DIR=/opt/rustwide/workdir" "-e" "CARGO_TARGET_DIR=/opt/rustwide/target" "-e" "CARGO_INCREMENTAL=0" "-e" "RUST_BACKTRACE=full" "-e" "RUSTFLAGS=--cap-lints=forbid" "-e" "CARGO_HOME=/opt/rustwide/cargo-home" "-e" "RUSTUP_HOME=/opt/rustwide/rustup-home" "-w" "/opt/rustwide/workdir" "-m" "1610612736" "--user" "0:0" "--network" "none" "rustops/crates-build-env@sha256:d92eaeed33fa75130ca1ee6c8a01d1ffb62bac859dfdfb3450e3e5d1c0146529" "/opt/rustwide/cargo-home/bin/cargo" "+af3c6e733a40e671550e0f0f5aeecaa13772ba56" "check" "--frozen" "--all" "--all-targets" "--message-format=json", kill_on_drop: false }`
[INFO] [stdout] 591a15339b6acf4e809a03a5a44a0144940abc94b368ac02c113faf27394ddb6
[INFO] [stderr] WARNING: Your kernel does not support swap limit capabilities or the cgroup is not mounted. Memory limited without swap.
[INFO] running `Command { std: "docker" "start" "-a" "591a15339b6acf4e809a03a5a44a0144940abc94b368ac02c113faf27394ddb6", kill_on_drop: false }`
[INFO] [stderr]    Compiling libc v0.2.77
[INFO] [stderr]     Checking db-key v0.0.5
[INFO] [stderr]     Checking db-key v0.0.1
[INFO] [stderr]     Checking db-key v0.1.0
[INFO] [stderr]     Checking strand v0.1.2
[INFO] [stdout] error: expected type, found `|`
[INFO] [stdout]  --> /opt/rustwide/cargo-home/registry/src/github.com-1ecc6299db9ec823/db-key-0.0.1/src/lib.rs:3:28
[INFO] [stdout]   |
[INFO] [stdout] 3 |   fn as_slice<T>(&self, f: |v: &[u8]| -> T) -> T;
[INFO] [stdout]   |                            ^ expected type
[INFO] [stdout] 
[INFO] [stdout] 
[INFO] [stdout] error: expected type, found `|`
[INFO] [stdout]   --> /opt/rustwide/cargo-home/registry/src/github.com-1ecc6299db9ec823/db-key-0.0.1/src/lib.rs:20:28
[INFO] [stdout]    |
[INFO] [stdout] 20 |   fn as_slice<T>(&self, f: |v: &[u8]| -> T) -> T {
[INFO] [stdout]    |                            ^ expected type
[INFO] [stdout] 
[INFO] [stdout] 
[INFO] [stdout] error[E0412]: cannot find type `int` in this scope
[INFO] [stdout]   --> /opt/rustwide/cargo-home/registry/src/github.com-1ecc6299db9ec823/db-key-0.0.1/src/lib.rs:10:14
[INFO] [stdout]    |
[INFO] [stdout] 10 | impl Key for int {
[INFO] [stdout]    |              ^^^ not found in this scope
[INFO] [stdout] 
[INFO] [stdout] 
[INFO] [stdout] error[E0412]: cannot find type `int` in this scope
[INFO] [stdout]   --> /opt/rustwide/cargo-home/registry/src/github.com-1ecc6299db9ec823/db-key-0.0.1/src/lib.rs:11:29
[INFO] [stdout]    |
[INFO] [stdout] 11 |   fn from_u8(key: &[u8]) -> int {
[INFO] [stdout]    |                             ^^^ not found in this scope
[INFO] [stdout] 
[INFO] [stdout] 
[INFO] [stdout] error[E0412]: cannot find type `int` in this scope
[INFO] [stdout]   --> /opt/rustwide/cargo-home/registry/src/github.com-1ecc6299db9ec823/db-key-0.0.1/src/lib.rs:14:16
[INFO] [stdout]    |
[INFO] [stdout] 14 |     (key[0] as int) << 24 |
[INFO] [stdout]    |                ^^^ not found in this scope
[INFO] [stdout] 
[INFO] [stdout] 
[INFO] [stdout] error[E0412]: cannot find type `int` in this scope
[INFO] [stdout]   --> /opt/rustwide/cargo-home/registry/src/github.com-1ecc6299db9ec823/db-key-0.0.1/src/lib.rs:15:16
[INFO] [stdout]    |
[INFO] [stdout] 15 |     (key[1] as int) << 16 |
[INFO] [stdout]    |                ^^^ not found in this scope
[INFO] [stdout] 
[INFO] [stdout] 
[INFO] [stdout] error[E0412]: cannot find type `int` in this scope
[INFO] [stdout]   --> /opt/rustwide/cargo-home/registry/src/github.com-1ecc6299db9ec823/db-key-0.0.1/src/lib.rs:16:16
[INFO] [stdout]    |
[INFO] [stdout] 16 |     (key[2] as int) << 8 |
[INFO] [stdout]    |                ^^^ not found in this scope
[INFO] [stdout] 
[INFO] [stdout] 
[INFO] [stdout] error[E0412]: cannot find type `int` in this scope
[INFO] [stdout]   --> /opt/rustwide/cargo-home/registry/src/github.com-1ecc6299db9ec823/db-key-0.0.1/src/lib.rs:17:16
[INFO] [stdout]    |
[INFO] [stdout] 17 |     (key[3] as int)
[INFO] [stdout]    |                ^^^ not found in this scope
[INFO] [stdout] 
[INFO] [stdout] 
[INFO] [stdout] error[E0425]: cannot find function `f` in this scope
[INFO] [stdout]   --> /opt/rustwide/cargo-home/registry/src/github.com-1ecc6299db9ec823/db-key-0.0.1/src/lib.rs:26:5
[INFO] [stdout]    |
[INFO] [stdout] 26 |     f(&dst)
[INFO] [stdout]    |     ^ not found in this scope
[INFO] [stdout] 
[INFO] [stdout] 
[INFO] [stdout] error[E0308]: mismatched types
[INFO] [stdout]   --> /opt/rustwide/cargo-home/registry/src/github.com-1ecc6299db9ec823/db-key-0.0.1/src/lib.rs:21:25
[INFO] [stdout]    |
[INFO] [stdout] 21 |     let mut dst = [0u8, ..4];
[INFO] [stdout]    |                         ^^^ expected `u8`, found struct `RangeTo`
[INFO] [stdout]    |
[INFO] [stdout]    = note: expected type `u8`
[INFO] [stdout]             found struct `RangeTo<{integer}>`
[INFO] [stdout] 
[INFO] [stdout] 
[INFO] [stdout] error: aborting due to 10 previous errors
[INFO] [stdout] 
[INFO] [stdout] 
[INFO] [stdout] Some errors have detailed explanations: E0308, E0412, E0425.
[INFO] [stdout] 
[INFO] [stdout] For more information about an error, try `rustc --explain E0308`.
[INFO] [stdout] 
[INFO] [stderr] error: could not compile `db-key`.
[INFO] [stderr] 
[INFO] [stderr] To learn more, run the command again with --verbose.
[INFO] [stderr] warning: build failed, waiting for other jobs to finish...
[INFO] [stderr] error: build failed
[INFO] running `Command { std: "docker" "inspect" "591a15339b6acf4e809a03a5a44a0144940abc94b368ac02c113faf27394ddb6", kill_on_drop: false }`
[INFO] running `Command { std: "docker" "rm" "-f" "591a15339b6acf4e809a03a5a44a0144940abc94b368ac02c113faf27394ddb6", kill_on_drop: false }`
[INFO] [stdout] 591a15339b6acf4e809a03a5a44a0144940abc94b368ac02c113faf27394ddb6
